{"id":63,"date":"2014-09-23T13:19:38","date_gmt":"2014-09-23T12:19:38","guid":{"rendered":"http:\/\/anoverdetajo.es\/seguridadciudadana\/?page_id=63"},"modified":"2015-12-31T08:31:20","modified_gmt":"2015-12-31T07:31:20","slug":"informes-sobre-accidentes-de-trafico","status":"publish","type":"page","link":"http:\/\/anoverdetajo.es\/seguridadciudadana\/informes-sobre-accidentes-de-trafico\/","title":{"rendered":"Informes sobre accidentes de tr\u00e1fico"},"content":{"rendered":"<p><strong>\u00bfQui\u00e9n lo puede solicitar?<\/strong><\/p>\n<p>Cualquier implicado en el accidente o su compa\u00f1\u00eda de seguros.<\/p>\n<p><strong>Documentaci\u00f3n a aportar<\/strong><\/p>\n<p>Solicitud de informaci\u00f3n de accidente de tr\u00e1fico rellenada.<\/p>\n<p><strong>\u00bfD\u00f3nde solicitarlo?<\/strong><\/p>\n<p>Secci\u00f3n Administraci\u00f3n de Polic\u00eda Local de A\u00f1over de Tajo.<\/p>\n<p>Plaza de Espa\u00f1a, 12 (Jefatura de Polic\u00eda Local)<\/p>\n<p>Edificio de la Polic\u00eda Local<\/p>\n<p>Tel. 629 932 444 &#8211; Fax: 925 50 62 79<\/p>\n<p>Correo electr\u00f3nico: seguridadciudadana@anoverdetajo.es<\/p>\n<p><strong>Plazo de tramitaci\u00f3n:<\/strong><\/p>\n<p>El plazo de tramitaci\u00f3n es de 30 d\u00edas.<\/p>\n<p><strong>Forma de iniciaci\u00f3n:<\/strong><\/p>\n<p>A petici\u00f3n del interesado.<\/p>\n<p><strong>\u00bfCu\u00e1ndo est\u00e1 habilitada la Polic\u00eda Local para emitir el informe?<\/strong><\/p>\n<p>Una vez que las diligencias del accidente hayan finalizado.<\/p>\n<p><span style=\"text-decoration: underline;\"><strong><em>Descarga de documentos:<\/em><\/strong><\/span><\/p>\n<ul>\n<li><a title=\"Descarga de solicitud\" href=\"http:\/\/anoverdetajo.es\/seguridadciudadana\/wp-content\/uploads\/downloads\/2014\/09\/INFORME-SOBRE-ACCIDENTE-DE-TRAFICO.pdf\" target=\"_blank\">Solicitud de informaci\u00f3n de accidente de tr\u00e1fico<\/a><\/li>\n<\/ul>\n<p>&nbsp;<\/p>\n<p><a href=\"http:\/\/anoverdetajo.es\/seguridadciudadana\/seguridad-al-volante\/\">Evite accidentes: Siga nuestros consejos de prevenci\u00f3n al volante.<\/a><\/p>\n","protected":false},"excerpt":{"rendered":"<p>\u00bfQui\u00e9n lo puede solicitar? Cualquier implicado en el accidente o su compa\u00f1\u00eda de seguros. Documentaci\u00f3n a aportar Solicitud de informaci\u00f3n de accidente de tr\u00e1fico rellenada. \u00bfD\u00f3nde solicitarlo? Secci\u00f3n Administraci\u00f3n de Polic\u00eda Local de A\u00f1over de Tajo. Plaza de Espa\u00f1a, 12 (Jefatura de Polic\u00eda Local) Edificio de la Polic\u00eda Local Tel. 629 932 444 &#8211; Fax:<\/p>\n","protected":false},"author":1,"featured_media":0,"parent":0,"menu_order":0,"comment_status":"closed","ping_status":"closed","template":"","meta":[],"_links":{"self":[{"href":"http:\/\/anoverdetajo.es\/seguridadciudadana\/wp-json\/wp\/v2\/pages\/63"}],"collection":[{"href":"http:\/\/anoverdetajo.es\/seguridadciudadana\/wp-json\/wp\/v2\/pages"}],"about":[{"href":"http:\/\/anoverdetajo.es\/seguridadciudadana\/wp-json\/wp\/v2\/types\/page"}],"author":[{"embeddable":true,"href":"http:\/\/anoverdetajo.es\/seguridadciudadana\/wp-json\/wp\/v2\/users\/1"}],"replies":[{"embeddable":true,"href":"http:\/\/anoverdetajo.es\/seguridadciudadana\/wp-json\/wp\/v2\/comments?post=63"}],"version-history":[{"count":3,"href":"http:\/\/anoverdetajo.es\/seguridadciudadana\/wp-json\/wp\/v2\/pages\/63\/revisions"}],"predecessor-version":[{"id":314,"href":"http:\/\/anoverdetajo.es\/seguridadciudadana\/wp-json\/wp\/v2\/pages\/63\/revisions\/314"}],"wp:attachment":[{"href":"http:\/\/anoverdetajo.es\/seguridadciudadana\/wp-json\/wp\/v2\/media?parent=63"}],"curies":[{"name":"wp","href":"https:\/\/api.w.org\/{rel}","templated":true}]}}