{"id":265,"date":"2015-12-21T21:26:14","date_gmt":"2015-12-21T20:26:14","guid":{"rendered":"http:\/\/anoverdetajo.es\/seguridadciudadana\/?page_id=265"},"modified":"2015-12-21T21:26:14","modified_gmt":"2015-12-21T20:26:14","slug":"requisitos-de-acceso-al-cuerpo-de-la-policia-local-de-anover-de-tajo","status":"publish","type":"page","link":"http:\/\/anoverdetajo.es\/seguridadciudadana\/requisitos-de-acceso-al-cuerpo-de-la-policia-local-de-anover-de-tajo\/","title":{"rendered":"Requisitos de acceso al cuerpo de la polic\u00eda local de A\u00f1over de Tajo"},"content":{"rendered":"<ol>\n<li><strong>Para turno libre:<\/strong><\/li>\n<\/ol>\n<p>Para acceder a los Cuerpos de Polic\u00eda Local, por el sistema de acceso libre, los aspirantes deber\u00e1n reunir los siguientes requisitos:<\/p>\n<ul>\n<li>Tener la nacionalidad espa\u00f1ola.<\/li>\n<li>Tener cumplidos dieciocho a\u00f1os de edad y no exceder de la edad m\u00e1xima de jubilaci\u00f3n forzosa.<\/li>\n<li>Tener una estatura m\u00ednima de 1,70 metros, los hombres, y de 1,65 metros, las mujeres.<\/li>\n<li>Estar en posesi\u00f3n, o en condiciones de obtener en la fecha en que\u00a0 termine el plazo de presentaci\u00f3n de solicitudes, del t\u00edtulo de Bachiller, T\u00e9cnico o equivalente. En el caso de titulaciones obtenidas en el extranjero, se deber\u00e1 estar en posesi\u00f3n de la correspondiente convalidaci\u00f3n o credencial que acredite la homologaci\u00f3n por el Ministerio de Educaci\u00f3n o cualquier otro \u00f3rgano de la Administraci\u00f3n competente para ello. A efectos de equivalencias con los t\u00edtulos de Bachiller o T\u00e9cnico, deber\u00e1 estarse a lo dispuesto en la Orden del Ministerio de Educaci\u00f3n 1603\/2009, de 10 de junio (modificada por la Orden 520\/2011, de 7 de marzo), publicadas en el B.O.E. n\u00ba 146, de 17 de junio de 2009, y n\u00ba 62 de 14 de marzo de 2011, por la que se establecen las equivalencias con los t\u00edtulos de Graduado en Educaci\u00f3n Secundaria Obligatoria y de Bachiller regulados en la Ley Org\u00e1nica 2\/2006, de 3 de mayo, de Educaci\u00f3n.<\/li>\n<li>No haber sido separado del servicio de ninguna Administraci\u00f3n P\u00fablica, ni hallarse inhabilitado para el ejercicio de funciones p\u00fablicas.<\/li>\n<li>Estar en posesi\u00f3n de los permisos de conducci\u00f3n de las clases B y BTP, y de la clase A o A2.<\/li>\n<li>No padecer enfermedad o defecto f\u00edsico que impida el desempe\u00f1o de sus funciones.<\/li>\n<\/ul>\n<p>Todos los requisitos exigidos deber\u00e1n reunirse el d\u00eda en que finalice el plazo de presentaci\u00f3n de solicitudes, y mantenerse durante el desarrollo del proceso selectivo, a excepci\u00f3n del permiso de conducir BTP, cuya exigencia se diferir\u00e1 hasta la fecha de finalizaci\u00f3n del curso selectivo.<\/p>\n<ol start=\"2\">\n<li><strong>Para turno de movilidad:<\/strong><\/li>\n<\/ol>\n<ul>\n<li>\u00a0Pertenecer a la misma categor\u00eda de los puestos convocados y tener una antig\u00fcedad m\u00ednima de tres a\u00f1os en la misma.<\/li>\n<li>\u00a0Estar en posesi\u00f3n de la titulaci\u00f3n acad\u00e9mica o haber realizado las actividades formativas de dispensa previstas en la Ley de Coordinaci\u00f3n de Polic\u00edas Locales de Castilla-La Mancha.<\/li>\n<li>\u00a0Reunir los requisitos exigidos en la relaci\u00f3n de puestos de trabajo.<\/li>\n<li>\u00a0Haber permanecido en el \u00faltimo puesto de trabajo obtenido por alg\u00fan sistema de provisi\u00f3n de puestos de trabajo un m\u00ednimo de dos a\u00f1os.<\/li>\n<\/ul>\n<p><strong>\u00a0<\/strong>No podr\u00e1n participar los funcionarios que se encuentren en alguna de las siguientes situaciones:<\/p>\n<ul>\n<li>\u00a0Los que est\u00e9n inhabilitados y los que se encuentren en la situaci\u00f3n de suspenso firme.<\/li>\n<li>Los que se encuentren en alguna situaci\u00f3n administrativa diferente a la de activo, mientras no hayan cumplido el plazo de permanencia en la misma.<\/li>\n<\/ul>\n<p><strong>Sistema selectivo de acceso al Cuerpo de la Polic\u00eda Local de A\u00f1over De Tajo<\/strong><\/p>\n<p>1.- La selecci\u00f3n de los aspirantes se realizar\u00e1 por el sistema de acceso libre, mediante el procedimiento de oposici\u00f3n y constar\u00e1 de dos fases:<\/p>\n<ol>\n<li>a) Oposici\u00f3n<\/li>\n<li>b) Curso selectivo<\/li>\n<\/ol>\n<p>2.- La fase de oposici\u00f3n constar\u00e1 de las seis pruebas siguientes, todas ellas obligatorias y eliminatorias, a excepci\u00f3n de la sexta, que tendr\u00e1 car\u00e1cter voluntario y de merito para los aspirantes, a celebrar por el orden siguiente:<\/p>\n<p><strong>Primera prueba:<\/strong> aptitud f\u00edsica.<\/p>\n<p>Consistir\u00e1n en la realizaci\u00f3n y superaci\u00f3n de las <strong><u>cuatro<\/u><\/strong> pruebas siguientes:<\/p>\n<ol>\n<li><em>CARRERA DE VELOCIDAD (60 metros)<\/em><\/li>\n<li><em> CARRERA DE RESISTENCIA (1.000 metros)<\/em><\/li>\n<li><em> SALTO DE LONGITUD (pies juntos)<\/em><\/li>\n<li><em> LANZAMIENTO DE BAL\u00d3N MEDICINAL de 4kg. para los hombres y 3 kg. para las mujeres.<\/em><\/li>\n<\/ol>\n<p>Estar\u00e1 dirigida a comprobar las condiciones de fuerza, agilidad, flexibilidad y resistencia de los aspirantes. Su calificaci\u00f3n ser\u00e1 la de apto o no apto, siendo eliminatoria cada una de las pruebas establecidas. Previamente a la celebraci\u00f3n de estas, cada aspirante deber\u00e1 presentar un certificado m\u00e9dico, expedido con una antelaci\u00f3n no superior a treinta d\u00edas en relaci\u00f3n con la fecha de realizaci\u00f3n de las pruebas, en el que se exprese que el aspirante est\u00e1 capacitado para realizarlas.<\/p>\n<p><strong>Segunda prueba:<\/strong> test de conocimientos. Consistir\u00e1 en la contestaci\u00f3n por escrito a un cuestionario de preguntas con cuatro respuestas alternativas propuesto por el tribunal calificador de entre las materias que figuran en el programa de la convocatoria (anexo II). Las respuestas err\u00f3neas se penalizar\u00e1n con un tercio del valor de una contestaci\u00f3n. El n\u00famero de preguntas no podr\u00e1 ser inferior a setenta ni superior a noventa, y el tiempo para la realizaci\u00f3n de la prueba ser\u00e1 de una hora. Se calificara de cero a diez puntos, siendo necesario obtener un m\u00ednimo de cinco puntos para superar la prueba.<\/p>\n<p><strong>Tercera prueba:<\/strong> reconocimiento m\u00e9dico. Tendente a comprobar el cumplimiento de las condiciones exigidas en el cuadro de exclusiones m\u00e9dicas (anexo III). Se calificar\u00e1 de apto o no apto.<\/p>\n<p><strong>Cuarta prueba:<\/strong> aptitud psicot\u00e9cnica. Se incluir\u00e1 una entrevista de este car\u00e1cter, as\u00ed como un test dirigido a determinar las aptitudes y actitudes de los aspirantes para el desempe\u00f1o de las funciones de su categor\u00eda. Se calificar\u00e1 de apto o no apto.<\/p>\n<p><strong>Quinta prueba:<\/strong> conocimientos generales. Consistir\u00e1 en responder por escrito a dos temas, uno de la parte general y otro de la parte especial, elegidos al azar de entre los que figuran en las bases de la convocatoria. El tiempo para la realizaci\u00f3n de la prueba ser\u00e1 de setenta y cinco minutos. Se calificar\u00e1 de cero a diez puntos. La calificaci\u00f3n ser\u00e1 la resultante de la media aritm\u00e9tica de la puntuaci\u00f3n obtenida en cada uno de los temas. Para superar la prueba ser\u00e1 necesario obtener una puntuaci\u00f3n m\u00ednima de cinco puntos y no haber sido calificado en ninguno de los temas con menos de tres puntos.<\/p>\n<p><strong>Sexta prueba:<\/strong> voluntaria, de idiomas. Consistir\u00e1 en la traducci\u00f3n inversa, por escrito, de uno o varios idiomas, a elecci\u00f3n del aspirante (ingl\u00e9s, franc\u00e9s alem\u00e1n y\/o italiano), de un documento redactado en espa\u00f1ol, sin diccionario, y la posterior lectura en sesi\u00f3n p\u00fablica ente el Tribunal del texto, seguida de una conversaci\u00f3n con \u00e9ste en la lengua elegida. La prueba ser\u00e1 calificada de cero a un punto por cada uno de los idiomas sobre los que se examine el aspirante, sin que, en ning\u00fan caso, la puntuaci\u00f3n total de la prueba pueda ser superior a tres puntos.<\/p>\n<p>3.- La puntuaci\u00f3n final, en orden a determinar los aspirantes que superan el proceso selectivo, vendr\u00e1 determinada por la suma de la obtenida en todos los ejercicios de la oposici\u00f3n, incluida la correspondiente a la prueba voluntaria de idiomas. En caso de empate el orden se establecer\u00e1 atendiendo a la mejor puntuaci\u00f3n obtenida en la quinta prueba. De persistir el empate, este se dirimir\u00e1 seg\u00fan la puntuaci\u00f3n obtenida en la segunda prueba.<\/p>\n","protected":false},"excerpt":{"rendered":"<p>Para turno libre: Para acceder a los Cuerpos de Polic\u00eda Local, por el sistema de acceso libre, los aspirantes deber\u00e1n reunir los siguientes requisitos: Tener la nacionalidad espa\u00f1ola. Tener cumplidos dieciocho a\u00f1os de edad y no exceder de la edad m\u00e1xima de jubilaci\u00f3n forzosa. Tener una estatura m\u00ednima de 1,70 metros, los hombres, y de<\/p>\n","protected":false},"author":2,"featured_media":0,"parent":0,"menu_order":0,"comment_status":"closed","ping_status":"closed","template":"","meta":[],"_links":{"self":[{"href":"http:\/\/anoverdetajo.es\/seguridadciudadana\/wp-json\/wp\/v2\/pages\/265"}],"collection":[{"href":"http:\/\/anoverdetajo.es\/seguridadciudadana\/wp-json\/wp\/v2\/pages"}],"about":[{"href":"http:\/\/anoverdetajo.es\/seguridadciudadana\/wp-json\/wp\/v2\/types\/page"}],"author":[{"embeddable":true,"href":"http:\/\/anoverdetajo.es\/seguridadciudadana\/wp-json\/wp\/v2\/users\/2"}],"replies":[{"embeddable":true,"href":"http:\/\/anoverdetajo.es\/seguridadciudadana\/wp-json\/wp\/v2\/comments?post=265"}],"version-history":[{"count":0,"href":"http:\/\/anoverdetajo.es\/seguridadciudadana\/wp-json\/wp\/v2\/pages\/265\/revisions"}],"wp:attachment":[{"href":"http:\/\/anoverdetajo.es\/seguridadciudadana\/wp-json\/wp\/v2\/media?parent=265"}],"curies":[{"name":"wp","href":"https:\/\/api.w.org\/{rel}","templated":true}]}}