{"id":259,"date":"2015-12-20T15:32:58","date_gmt":"2015-12-20T14:32:58","guid":{"rendered":"http:\/\/anoverdetajo.es\/seguridadciudadana\/?page_id=259"},"modified":"2016-01-29T19:04:21","modified_gmt":"2016-01-29T18:04:21","slug":"normativa","status":"publish","type":"page","link":"http:\/\/anoverdetajo.es\/seguridadciudadana\/normativa\/","title":{"rendered":"Normativa"},"content":{"rendered":"<p><strong>Legislaci\u00f3n sobre animales dom\u00e9sticos<\/strong><\/p>\n<p>Ley nacional:\u00a0<strong><a href=\"http:\/\/www.boe.es\/buscar\/pdf\/1999\/BOE-A-1999-24419-consolidado.pdf\" target=\"_blank\">Ley 50\/1999, de 23 de diciembre, sobre el R\u00e9gimen Jur\u00eddico de la Tenencia de Animales Potencialmente Peligrosos.<\/a><\/strong><\/p>\n<p>Ley auton\u00f3mica:\u00a0<strong><a href=\"http:\/\/www.cortesclm.es\/paginas\/leyes\/2\/Ley07-90.htm\" target=\"_blank\">Ley 7\/1990, de 28 de diciembre, de Protecci\u00f3n de los Animales Dom\u00e9sticos.<\/a><\/strong><\/p>\n<p>Normativa municipal:<strong>\u00a0<a href=\"http:\/\/anoverdetajo.es\/wp-content\/uploads\/downloads\/2014\/01\/ORD.-DE-TENENCIA-Y-PROTECCION-DE-ANIMALES.pdf\" target=\"_blank\">Ordenanza Reguladora sobre la protecci\u00f3n y tenencia de animales dom\u00e9sticos, potencialmente peligrosos e instalaciones zool\u00f3gicas.<\/a><\/strong><\/p>\n<p>&nbsp;<\/p>\n<p><strong>Legislaci\u00f3n sobre\u00a0la Polic\u00eda Local<\/strong><\/p>\n<p><strong><a href=\"http:\/\/pagina.jccm.es\/justicia\/epc\/Ley_de_Coordinacion_de_Policias_Locales_de_CLM.pdf\" target=\"_blank\">Ley de Polic\u00edas Locales de Castilla-La Mancha 2002.<\/a><\/strong><\/p>\n<p><strong><a href=\"https:\/\/www.google.es\/url?sa=t&amp;rct=j&amp;q=&amp;esrc=s&amp;source=web&amp;cd=3&amp;cad=rja&amp;uact=8&amp;ved=0ahUKEwjJ-5H1vurJAhXE8RQKHTR6BnQQFggrMAI&amp;url=http%3A%2F%2Fpagina.jccm.es%2Fjusticia%2Fepc%2FReglamento_PPLL_con_modificacion_2010y2012.pdf&amp;usg=AFQjCNGN0YnjyOZS2OqUVcVffJ-_5aRYfg&amp;sig2=9DO7PJmcodLOkP3TKZ6brw&amp;bvm=bv.110151844,d.d24\" target=\"_blank\">Reglamento de la Ley de Coordinaci\u00f3n de Polic\u00edas Locales de Castilla-La Mancha . Decreto 110\/2006, de 17 octubre.<\/a><\/strong><\/p>\n<p><strong><a href=\"https:\/\/www.google.es\/url?sa=t&amp;rct=j&amp;q=&amp;esrc=s&amp;source=web&amp;cd=2&amp;cad=rja&amp;uact=8&amp;ved=0ahUKEwjJzpL20urJAhULQBQKHV8uCdsQFgglMAE&amp;url=http%3A%2F%2Fpagina.jccm.es%2Fjusticia%2Fepc%2FResolucion_26-01-2011_DOCM_8-2-2011.pdf&amp;usg=AFQjCNHX34XmO655VReqzQv1aB96PEWHcQ&amp;sig2=xRe8Nv1u_RY2xy4-UeGpIA\" target=\"_blank\">Resoluci\u00f3n de 26\/01\/2011, de la Consejer\u00eda de Presidencia y Administraciones P\u00fablicas, por la que se aprueba el programa para el acceso a la categor\u00eda de polic\u00eda de los Cuerpos de Polic\u00eda Local de Castilla-La Mancha.<\/a><\/strong><\/p>\n<p>&nbsp;<\/p>\n<p><strong>Legislaci\u00f3n sobre\u00a0medio ambiente<\/strong><\/p>\n<p><strong><a href=\"http:\/\/www.boe.es\/buscar\/pdf\/2011\/BOE-A-2011-13046-consolidado.pdf\" target=\"_blank\">Ley 22\/2011, de 28 de julio, de residuos y suelos contaminados.<\/a><\/strong><\/p>\n<p><strong><a href=\"http:\/\/bop.diputoledo.es\/webEbop\/DocGet?id=12013124|0&amp;insert_number=567&amp;insert_year=2012\" target=\"_blank\">Ordenanza Municipal de Vertidos de Aguas Residuales al Sistema Integral de Saneamiento.<\/a><\/strong><\/p>\n<p><strong><a href=\"http:\/\/bop.diputoledo.es\/webEbop\/DocGet?id=13070152|0&amp;insert_number=6729&amp;insert_year=2013\" target=\"_blank\">Ordenanza reguladora sobre la tasa por prestaci\u00f3n de servicios relacionados con la retirada y dep\u00f3sito de veh\u00edculos y otros objetos de la via p\u00fablica.<\/a><\/strong><\/p>\n<p><strong><a href=\"http:\/\/bop.diputoledo.es\/webEbop\/DocGet?id=12078302|0&amp;insert_number=5745&amp;insert_year=2012\" target=\"_blank\">Ordenanza Municipal sobre Normas de Protecci\u00f3n Ac\u00fastica.<\/a><\/strong><\/p>\n<p>&nbsp;<\/p>\n<p><strong>Otra legislaci\u00f3n<\/strong><\/p>\n<p><strong><a href=\"http:\/\/bop.diputoledo.es\/webEbop\/DocGet?id=16017161|0&amp;insert_number=357&amp;insert_year=2016\" target=\"_blank\">Ordenanza reguladora de la celebraci\u00f3n de encierros taurinos por el campo en A\u00f1over de Tajo.<\/a><\/strong><\/p>\n<p><strong><a href=\"http:\/\/bop.diputoledo.es\/webEbop\/DocGet?id=16017175|0&amp;insert_number=371&amp;insert_year=2016\" target=\"_blank\">Ordenanza municipal reguladora del uso de zonas peatonales en el Municipio.<\/a><\/strong><\/p>\n<p><strong><a href=\"http:\/\/bop.diputoledo.es\/webEbop\/DocGet?id=16017176|0&amp;insert_number=372&amp;insert_year=2016\" target=\"_blank\">Ordenanza municipal sobre creaci\u00f3n de ficheros de datos de car\u00e1cter personal \u00abv\u00eddeo vigilancia de edificios p\u00fablicos\u00bb y \u00abv\u00eddeo vigilancia de tr\u00e1fico de la Polic\u00eda Local del Ayuntamiento\u00bb.<\/a><\/strong><\/p>\n<p>&nbsp;<\/p>\n<p>&nbsp;<\/p>\n","protected":false},"excerpt":{"rendered":"<p>Legislaci\u00f3n sobre animales dom\u00e9sticos Ley nacional:\u00a0Ley 50\/1999, de 23 de diciembre, sobre el R\u00e9gimen Jur\u00eddico de la Tenencia de Animales Potencialmente Peligrosos. Ley auton\u00f3mica:\u00a0Ley 7\/1990, de 28 de diciembre, de Protecci\u00f3n de los Animales Dom\u00e9sticos. Normativa municipal:\u00a0Ordenanza Reguladora sobre la protecci\u00f3n y tenencia de animales dom\u00e9sticos, potencialmente peligrosos e instalaciones zool\u00f3gicas. &nbsp; Legislaci\u00f3n sobre\u00a0la Polic\u00eda<\/p>\n","protected":false},"author":2,"featured_media":0,"parent":0,"menu_order":0,"comment_status":"closed","ping_status":"closed","template":"","meta":[],"_links":{"self":[{"href":"http:\/\/anoverdetajo.es\/seguridadciudadana\/wp-json\/wp\/v2\/pages\/259"}],"collection":[{"href":"http:\/\/anoverdetajo.es\/seguridadciudadana\/wp-json\/wp\/v2\/pages"}],"about":[{"href":"http:\/\/anoverdetajo.es\/seguridadciudadana\/wp-json\/wp\/v2\/types\/page"}],"author":[{"embeddable":true,"href":"http:\/\/anoverdetajo.es\/seguridadciudadana\/wp-json\/wp\/v2\/users\/2"}],"replies":[{"embeddable":true,"href":"http:\/\/anoverdetajo.es\/seguridadciudadana\/wp-json\/wp\/v2\/comments?post=259"}],"version-history":[{"count":2,"href":"http:\/\/anoverdetajo.es\/seguridadciudadana\/wp-json\/wp\/v2\/pages\/259\/revisions"}],"predecessor-version":[{"id":375,"href":"http:\/\/anoverdetajo.es\/seguridadciudadana\/wp-json\/wp\/v2\/pages\/259\/revisions\/375"}],"wp:attachment":[{"href":"http:\/\/anoverdetajo.es\/seguridadciudadana\/wp-json\/wp\/v2\/media?parent=259"}],"curies":[{"name":"wp","href":"https:\/\/api.w.org\/{rel}","templated":true}]}}