{"id":233,"date":"2015-12-28T17:19:42","date_gmt":"2015-12-28T16:19:42","guid":{"rendered":"http:\/\/anoverdetajo.es\/seguridadciudadana\/?page_id=233"},"modified":"2016-03-14T16:06:33","modified_gmt":"2016-03-14T15:06:33","slug":"campanas-informativas-y-de-prevencion","status":"publish","type":"page","link":"http:\/\/anoverdetajo.es\/seguridadciudadana\/campanas-informativas-y-de-prevencion\/","title":{"rendered":"Campa\u00f1as informativas y de prevenci\u00f3n"},"content":{"rendered":"<p><strong>Campa\u00f1as informativas<\/strong><br \/>\nCon cierta regularidad la Polic\u00eda Local de A\u00f1over de Tajo realiza campa\u00f1as informativas y de prevenci\u00f3n. Algunas son recurrentes como las <a href=\"http:\/\/anoverdetajo.es\/seguridadciudadana\/educacion-y-seguridad-vial\/\">charlas de educaci\u00f3n y seguridad vial<\/a>, y las de prevenci\u00f3n del consumo del alcohol y drogas que se realizan en el colegio y en instituto de la localidad. Otras son puntuales como las realizadas para prevenir los <a href=\"http:\/\/anoverdetajo.es\/seguridadciudadana\/campana-revisores-de-gas\/\">fraudes en la revisi\u00f3n de la instalaci\u00f3n de gas butano<\/a> en los hogares.<\/p>\n<p><strong>Campa\u00f1as de control de alcoholemia<\/strong><br \/>\nLa Polic\u00eda Local de A\u00f1over de Tajo tambi\u00e9n realiza sus propias campa\u00f1as de control de alcoholemia ya que el alcohol est\u00e1 presente como factor concurrente o desencadenante en un tercio de los accidentes mortales en las carreteras. En ocasiones, estos controles se realizan conjuntamente con otras polic\u00edas locales vecinas, por ejemplo la de Yepes, para contar un n\u00famero mayor de efectivos y asegurar su buen desarrollo. Hay que recordar que \u00a0cuando se conduce la presencia de alcohol en el organismo del conductor multiplica entre 2 y 15 el riesgo de sufrir un accidente.<\/p>\n<p><strong>Campa\u00f1a sobre\u00a0 el \u00abCintur\u00f3n de Seguridad y Sistemas de Retenci\u00f3n Infantil\u00bb<\/strong><\/p>\n<p>La Polic\u00eda Local de A\u00f1over de Tajo realiza, junto a la Direcci\u00f3n General de Tr\u00e1fico, \u00a0Campa\u00f1as Especiales de control y vigilancia como la espec\u00edfica del <a href=\"http:\/\/anoverdetajo.es\/seguridadciudadana\/campana-sobre-el-cinturon-de-seguridad\/\">\u00abCintur\u00f3n de Seguridad y Sistemas de Retenci\u00f3n Infantil\u00bb<\/a>. La \u00faltima de estas campa\u00f1as se extiende del <strong>14 al 20 de marzo\u00a0 de 2016 <\/strong>de acuerdo con el calendario establecido para este a\u00f1o.<\/p>\n<p><strong>Campa\u00f1a ITV del Transporte escolar<\/strong><br \/>\nLa verificaci\u00f3n del cumplimiento de las normas y el buen estado del transporte escolar de nuestra localidad, tambi\u00e9n es una tarea regular de la Polic\u00eda Local. Por ello, el cuerpo de seguridad ciudadana realiza peri\u00f3dicamente los controles reglamentarios a los autobuses que transportan escolares dentro de nuestra localidad.<\/p>\n","protected":false},"excerpt":{"rendered":"<p>Campa\u00f1as informativas Con cierta regularidad la Polic\u00eda Local de A\u00f1over de Tajo realiza campa\u00f1as informativas y de prevenci\u00f3n. Algunas son recurrentes como las charlas de educaci\u00f3n y seguridad vial, y las de prevenci\u00f3n del consumo del alcohol y drogas que se realizan en el colegio y en instituto de la localidad. Otras son puntuales como<\/p>\n","protected":false},"author":2,"featured_media":0,"parent":0,"menu_order":0,"comment_status":"closed","ping_status":"closed","template":"","meta":[],"_links":{"self":[{"href":"http:\/\/anoverdetajo.es\/seguridadciudadana\/wp-json\/wp\/v2\/pages\/233"}],"collection":[{"href":"http:\/\/anoverdetajo.es\/seguridadciudadana\/wp-json\/wp\/v2\/pages"}],"about":[{"href":"http:\/\/anoverdetajo.es\/seguridadciudadana\/wp-json\/wp\/v2\/types\/page"}],"author":[{"embeddable":true,"href":"http:\/\/anoverdetajo.es\/seguridadciudadana\/wp-json\/wp\/v2\/users\/2"}],"replies":[{"embeddable":true,"href":"http:\/\/anoverdetajo.es\/seguridadciudadana\/wp-json\/wp\/v2\/comments?post=233"}],"version-history":[{"count":9,"href":"http:\/\/anoverdetajo.es\/seguridadciudadana\/wp-json\/wp\/v2\/pages\/233\/revisions"}],"predecessor-version":[{"id":424,"href":"http:\/\/anoverdetajo.es\/seguridadciudadana\/wp-json\/wp\/v2\/pages\/233\/revisions\/424"}],"wp:attachment":[{"href":"http:\/\/anoverdetajo.es\/seguridadciudadana\/wp-json\/wp\/v2\/media?parent=233"}],"curies":[{"name":"wp","href":"https:\/\/api.w.org\/{rel}","templated":true}]}}