{"id":18,"date":"2014-08-06T10:44:24","date_gmt":"2014-08-06T09:44:24","guid":{"rendered":"http:\/\/anoverdetajo.es\/seguridadciudadana\/?page_id=18"},"modified":"2015-12-31T08:28:01","modified_gmt":"2015-12-31T07:28:01","slug":"carta-de-servicios","status":"publish","type":"page","link":"http:\/\/anoverdetajo.es\/seguridadciudadana\/carta-de-servicios\/","title":{"rendered":"Carta de servicios"},"content":{"rendered":"<p style=\"text-align: justify;\">La Polic\u00eda Local de A\u00f1over de Tajo tiene la misi\u00f3n de realizar tareas de seguridad, protecci\u00f3n y vigilancia y, en general, todas aquellas que le correspondan dentro de su \u00e1mbito competencial, as\u00ed como las que le sean encomendadas de conformidad con la normativa y las instrucciones recibidas, en fin, proteger y garantizar el libre ejercicio de los derechos y libertades de los ciudadanos, la seguridad p\u00fablica y la convivencia ciudadana en el municipio de A\u00f1over de Tajo.<\/p>\n<p style=\"text-align: justify;\">En\u00a0su responsabilidad por mejorar continuamente la Calidad de sus servicios, expone por primera vez una Carta de servicios de Polic\u00eda Local, con el objetivo de mantener un compromiso de servicio hacia nuestros vecinos y canalizar adecuadamente las demandas vecinales, agilizando as\u00ed la capacidad de respuesta de los servicios p\u00fablicos.<\/p>\n<p style=\"text-align: justify;\"><span style=\"text-decoration: underline;\"><strong>Servicios<\/strong><\/span><\/p>\n<ul>\n<li style=\"text-align: justify;\">Proteger a las autoridades de la Corporaci\u00f3n Local y vigilancia o custodia de sus edificios e instalaciones.<\/li>\n<li style=\"text-align: justify;\">Ordenar, se\u00f1alizar y dirigir el tr\u00e1fico en el caso urbano, de acuerdo con lo establecido en las normas de circulaci\u00f3n.<\/li>\n<li style=\"text-align: justify;\">Instruir atestados por accidentes de circulaci\u00f3n dentro del casco urbano.<\/li>\n<li style=\"text-align: justify;\">Instrucci\u00f3n de atestados por delitos contra la seguridad vial.<\/li>\n<li style=\"text-align: justify;\">Polic\u00eda Administrativa en lo relativo a las Ordenanzas, Bandos y dem\u00e1s disposiciones municipales dentro del \u00e1mbito de su competencia.<\/li>\n<li style=\"text-align: justify;\">Tramitaci\u00f3n de documentaci\u00f3n relativa a veh\u00edculos y conductores dentro de lo establecido en el convenio suscrito con DGT.<\/li>\n<li style=\"text-align: justify;\">Participar en las funciones de la Polic\u00eda Judicial, en la\u00a0forma establecida.<\/li>\n<li style=\"text-align: justify;\">Prestar auxilio en los casos de accidente, cat\u00e1strofe o calamidad p\u00fablica.<\/li>\n<li style=\"text-align: justify;\">Realizar diligencias de prevenci\u00f3n y cuantas actuaciones tiendan a evitar la comisi\u00f3n de actos delictivos.<\/li>\n<li style=\"text-align: justify;\">Vigilar los espacios p\u00fablicos y colaborar con otros cuerpos policiales en materia de Orden P\u00fablico cuando sean requeridos para ello.<\/li>\n<li style=\"text-align: justify;\">Realizar campa\u00f1as de Educaci\u00f3n Vial.<\/li>\n<li style=\"text-align: justify;\">Realizar talleres en centros escolares Contra la Violencia dom\u00e9stica y el consumo de drogas.<\/li>\n<li style=\"text-align: justify;\">Servicio de Atenci\u00f3n a V\u00edctimas de Violencia Dom\u00e9stica.<\/li>\n<li style=\"text-align: justify;\">Atenci\u00f3n personalizada al ciudadano tanto tel\u00e9fonica como presencial en la Jefatura de Polic\u00eda Local y en la v\u00eda p\u00fablica.<\/li>\n<\/ul>\n<p><span style=\"text-decoration: underline;\"><strong>Normativa aplicable<\/strong><\/span><\/p>\n<ul>\n<li style=\"text-align: justify;\"><a href=\"http:\/\/www.boe.es\/buscar\/pdf\/1986\/BOE-A-1986-6859-consolidado.pdf\" target=\"_blank\">Ley Org\u00e1nica de Fuerzas y Cuerpos de Seguridad. Ley 2\/1986, de 13 de marzo.<\/a><\/li>\n<li style=\"text-align: justify;\"><a href=\"http:\/\/pagina.jccm.es\/justicia\/epc\/Ley_de_Coordinacion_de_Policias_Locales_de_CLM.pdf\" target=\"_blank\">Ley 8\/2002, de 23-05-2002, de Coordinaci\u00f3n de Polic\u00edas Locales de Castilla-La Mancha.<\/a><\/li>\n<li style=\"text-align: justify;\"><a href=\"http:\/\/pagina.jccm.es\/justicia\/epc\/Reglamento_PPLL_con_modificacion_2010y2012.pdf\" target=\"_blank\">Reglamento de la Ley de Coordinaci\u00f3n de Polic\u00edas Locales de Castilla-La Mancha, Decreto 110\/2006, de 17 de octubre<\/a>.<\/li>\n<li style=\"text-align: justify;\">Resto de Normativa estatal, auton\u00f3mica y local de aplicaci\u00f3n.<\/li>\n<\/ul>\n<p><span style=\"text-decoration: underline;\"><strong>Sugerencias y reclamaciones<\/strong><\/span><\/p>\n<ul>\n<li style=\"text-align: justify;\">Por tel\u00e9fono a trav\u00e9s del Servicio de Atenci\u00f3n 629 932 444<\/li>\n<li style=\"text-align: justify;\">Por escrito a trav\u00e9s de las Hojas de Quejas y Reclamaciones existentes en las sedes de la Jefatura de Polic\u00eda Local.<\/li>\n<li style=\"text-align: justify;\">Por escrito a trav\u00e9s de Registro en la Secci\u00f3n Administrativa de Polic\u00eda Local.<\/li>\n<li style=\"text-align: justify;\">Por correo electr\u00f3nico a la direcci\u00f3n <a href=\"mailto:seguridadciudadana@anoverdetajo.es\" target=\"_blank\">seguridadciudadana@anoverdetajo.es<\/a><\/li>\n<\/ul>\n<p><span style=\"text-decoration: underline;\"><strong>Direcciones<\/strong><\/span><\/p>\n<ul>\n<li style=\"text-align: justify;\">En nuestras dependencias sitas en Plaza de Espa\u00f1a, 12.<\/li>\n<li style=\"text-align: justify;\">Para situaciones de urgencia o de emergencia puede contactar a trav\u00e9s de los tel\u00e9fonos 112 o 629 932 444.<\/li>\n<\/ul>\n<p>&nbsp;<\/p>\n","protected":false},"excerpt":{"rendered":"<p>La Polic\u00eda Local de A\u00f1over de Tajo tiene la misi\u00f3n de realizar tareas de seguridad, protecci\u00f3n y vigilancia y, en general, todas aquellas que le correspondan dentro de su \u00e1mbito competencial, as\u00ed como las que le sean encomendadas de conformidad con la normativa y las instrucciones recibidas, en fin, proteger y garantizar el libre ejercicio<\/p>\n","protected":false},"author":1,"featured_media":0,"parent":0,"menu_order":0,"comment_status":"closed","ping_status":"closed","template":"","meta":[],"_links":{"self":[{"href":"http:\/\/anoverdetajo.es\/seguridadciudadana\/wp-json\/wp\/v2\/pages\/18"}],"collection":[{"href":"http:\/\/anoverdetajo.es\/seguridadciudadana\/wp-json\/wp\/v2\/pages"}],"about":[{"href":"http:\/\/anoverdetajo.es\/seguridadciudadana\/wp-json\/wp\/v2\/types\/page"}],"author":[{"embeddable":true,"href":"http:\/\/anoverdetajo.es\/seguridadciudadana\/wp-json\/wp\/v2\/users\/1"}],"replies":[{"embeddable":true,"href":"http:\/\/anoverdetajo.es\/seguridadciudadana\/wp-json\/wp\/v2\/comments?post=18"}],"version-history":[{"count":4,"href":"http:\/\/anoverdetajo.es\/seguridadciudadana\/wp-json\/wp\/v2\/pages\/18\/revisions"}],"predecessor-version":[{"id":310,"href":"http:\/\/anoverdetajo.es\/seguridadciudadana\/wp-json\/wp\/v2\/pages\/18\/revisions\/310"}],"wp:attachment":[{"href":"http:\/\/anoverdetajo.es\/seguridadciudadana\/wp-json\/wp\/v2\/media?parent=18"}],"curies":[{"name":"wp","href":"https:\/\/api.w.org\/{rel}","templated":true}]}}