{"id":13,"date":"2014-08-01T10:03:29","date_gmt":"2014-08-01T09:03:29","guid":{"rendered":"http:\/\/anoverdetajo.es\/seguridadciudadana\/?page_id=13"},"modified":"2016-01-20T07:30:53","modified_gmt":"2016-01-20T06:30:53","slug":"violencia-domestica","status":"publish","type":"page","link":"http:\/\/anoverdetajo.es\/seguridadciudadana\/violencia-domestica\/","title":{"rendered":"Violencia Dom\u00e9stica"},"content":{"rendered":"<p style=\"text-align: justify;\"><strong>\u00bfQue entendemos por Violencia Dom\u00e9stica?<\/strong><\/p>\n<p style=\"text-align: justify;\">Por <strong>violencia dom\u00e9stica<\/strong>\u00a0debemos entender a \u00abla violencia ejercida en el terreno de la convivencia familiar o asimilada, por parte de uno de los miembros contra otros, contra alguno de los dem\u00e1s o contra todos ellos\u00bb.<\/p>\n<p>Comprende todos aquellos actos violentos, desde el empleo de la fuerza f\u00edsica, hasta el hostigamiento, acoso o la intimidaci\u00f3n, que se producen en el seno de un hogar y que perpetra, por lo menos, un miembro de la familia contra alg\u00fan otro familiar.<\/p>\n<p>El t\u00e9rmino <strong>violencia dom\u00e9stica<\/strong>\u00a0 incluye una amplia variedad de fen\u00f3menos, tales como:<\/p>\n<p style=\"text-align: justify;\"><img loading=\"lazy\" class=\"aligncenter wp-image-33 size-medium\" src=\"http:\/\/anoverdetajo.es\/seguridadciudadana\/wp-content\/uploads\/2014\/08\/violencia-300x212.jpg\" alt=\"\" width=\"300\" height=\"212\" srcset=\"http:\/\/anoverdetajo.es\/seguridadciudadana\/wp-content\/uploads\/2014\/08\/violencia-300x212.jpg 300w, http:\/\/anoverdetajo.es\/seguridadciudadana\/wp-content\/uploads\/2014\/08\/violencia-1024x723.jpg 1024w, http:\/\/anoverdetajo.es\/seguridadciudadana\/wp-content\/uploads\/2014\/08\/violencia-900x636.jpg 900w, http:\/\/anoverdetajo.es\/seguridadciudadana\/wp-content\/uploads\/2014\/08\/violencia.jpg 1191w\" sizes=\"(max-width: 300px) 100vw, 300px\" \/>Para poder identificar las diferentes formas de maltrato que nos encontramos dentro de la violencia dom\u00e9stica debemos tener en cuenta los diferentes aspectos que rodea a esta problem\u00e1tica social. Como punto de partida para su identificaci\u00f3n nos fijaremos en las definiciones establecidas por parte de los organismos oficiales.<\/p>\n<h3 style=\"text-align: justify;\"><span style=\"text-decoration: underline;\"><strong>Maltrato Infantil<\/strong><\/span><\/h3>\n<p style=\"text-align: justify;\">Maltrato Infantil se puede definir como los abusos y la desatenci\u00f3n de que son objeto los menores de 18 a\u00f1os, e incluye todos los tipos de maltrato f\u00edsico o psicol\u00f3gico, abuso sexual, desatenci\u00f3n, negligencia y explotaci\u00f3n comercial o de otro tipo que causen o puedan causar un da\u00f1o a la salud, desarrollo o dignidad del ni\u00f1o, o poner en peligro su supervivencia, en el contexto de una relaci\u00f3n de responsabilidad, confianza o poder. La exposici\u00f3n a la violencia de pareja tambi\u00e9n se incluye a veces entre las formas de maltrato infantil.<\/p>\n<h3><span style=\"text-decoration: underline;\"><strong>Maltrato de Ancianos<\/strong><\/span><\/h3>\n<p style=\"text-align: justify;\">Acto \u00fanico o repetido que causa da\u00f1o o sufrimiento a una persona de edad, o la falta de medidas apropiadas para evitarlo, que se produce en una relaci\u00f3n basada en la confianza. Puede adoptar diversas formas, como el maltrato f\u00edsico, ps\u00edquico, emocional o sexual, y el abuso de confianza en cuestiones econ\u00f3micas. Tambi\u00e9n puede ser el resultado de la negligencia, sea esta intencional o no.<\/p>\n<p><strong>Si eres v\u00edctima de Maltrato \u00bfC\u00f3mo puedes actuar?<\/strong><\/p>\n<ul>\n<li style=\"text-align: justify;\">Debes ponerlo inmediatamente en conocimiento de Polic\u00eda Local, Guardia Civil, Servicios Sociales o a tu Centro Escolar.<\/li>\n<li style=\"text-align: justify;\">Si no te sientes seguro\/a de acudir a los centros anteriormente indicados, expl\u00edcale tu situaci\u00f3n a alguien de confianza y solicita que te acompa\u00f1e a buscar informaci\u00f3n.<\/li>\n<li style=\"text-align: justify;\">Debes siempre estar prevenido ante el inicio de un nuevo espisodio de maltrato, si estas en peligro avisa a las Fuerzas y cuerpos de Seguridad a trav\u00e9s del 112.<\/li>\n<\/ul>\n<p><strong>\u00bfD\u00f3nde solicitar ayuda?<\/strong><\/p>\n<ul>\n<li style=\"text-align: justify;\"><span style=\"text-decoration: underline;\"><strong>Polic\u00eda<\/strong><strong> Local:<\/strong><\/span> Plaza de Espa\u00f1a, 12 &#8211; Tel\u00e9fono: 629 932 444 o 112.<\/li>\n<li style=\"text-align: justify;\"><span style=\"text-decoration: underline;\"><strong>Guardia Civil:<\/strong><\/span> C\/ Canalejas, 4 &#8211; Tel\u00e9fono: 925 50 60 13 o 112.<\/li>\n<li style=\"text-align: justify;\"><span style=\"text-decoration: underline;\"><strong>Servicios Sociales:<\/strong><\/span> C\/ Coronel Monasterio, 1 &#8211; Tel\u00e9fono: 925 55 52 88 &#8211; Extensi\u00f3n 1.<\/li>\n<li style=\"text-align: justify;\"><strong><span style=\"text-decoration: underline;\">Centro de Prevenci\u00f3n e Intervenci\u00f3n en Violencia Familiar de Castilla-La Mancha:<\/span><\/strong> C\/ Nu\u00f1ez de Arce, 24 (Toledo) &#8211; Tel\u00e9fono: 925 25 76 33.<\/li>\n<li style=\"text-align: justify;\"><strong><span style=\"text-decoration: underline;\">L\u00ednea de Atenci\u00f3n a la Infancia y a la Adolescencia de Castilla-La Mancha:<\/span><\/strong> Tel\u00e9fono: 116111 y a trav\u00e9s del correo <a href=\"mailto:info@lineadeinfanciayadolescenciaclm.es\">info@lineadeinfanciayadolescenciaclm.es<\/a><\/li>\n<\/ul>\n<h3><span style=\"text-decoration: underline;\"><strong>Violencia de G\u00e9nero<\/strong><\/span><\/h3>\n<p style=\"text-align: justify;\"><strong>\u00bfQu\u00e9 es la Violencia de G\u00e9nero?<\/strong><\/p>\n<p style=\"text-align: justify;\">Seg\u00fan nos indica la <strong>\u00abDeclaraci\u00f3n para la eliminaci\u00f3n de la violencia contra la mujer\u00bb<\/strong>, efectuada el 20 de diciembre de 1993, por \u00abviolencia contra la mujer\u00bb se entiende todo acto de violencia basado en la pertenencia al sexo femenino que tenga o pueda tener como resultado un da\u00f1o o sufrimiento f\u00edsico, sexual o sicol\u00f3gico para la mujer, as\u00ed como las amenazas de tales actos, la coacci\u00f3n o la privaci\u00f3n arbitraria de la libertad, tanto si se producen en la vida p\u00fablica como en la vida privada.<\/p>\n<p style=\"text-align: justify;\"><strong>\u00bfC\u00f3mo identificar si hay maltrato?<\/strong><\/p>\n<p style=\"text-align: justify;\">Para identificar si soy una mujer maltratada debo saber que la violencia puede adoptar diversas formas:<\/p>\n<p style=\"text-align: justify;\"><img loading=\"lazy\" class=\"aligncenter wp-image-35 size-medium\" src=\"http:\/\/anoverdetajo.es\/seguridadciudadana\/wp-content\/uploads\/2014\/08\/violencia2-300x212.jpg\" alt=\"\" width=\"300\" height=\"212\" srcset=\"http:\/\/anoverdetajo.es\/seguridadciudadana\/wp-content\/uploads\/2014\/08\/violencia2-300x212.jpg 300w, http:\/\/anoverdetajo.es\/seguridadciudadana\/wp-content\/uploads\/2014\/08\/violencia2-1024x723.jpg 1024w, http:\/\/anoverdetajo.es\/seguridadciudadana\/wp-content\/uploads\/2014\/08\/violencia2-900x636.jpg 900w, http:\/\/anoverdetajo.es\/seguridadciudadana\/wp-content\/uploads\/2014\/08\/violencia2.jpg 1191w\" sizes=\"(max-width: 300px) 100vw, 300px\" \/><\/p>\n<p style=\"text-align: justify;\">Si tu pareja efect\u00faa alguna de estas conductas&#8230;<\/p>\n<p style=\"text-align: justify;\"><span style=\"text-decoration: underline;\"><strong>Violencia F\u00edsica<\/strong><\/span><\/p>\n<ul style=\"text-align: justify;\">\n<li>Te ha agredido mediante, empujones, mordiscos, patadas, pu\u00f1etazos, etc, causados con las manos o alg\u00fan objeto.<\/li>\n<\/ul>\n<p style=\"text-align: justify;\"><span style=\"text-decoration: underline;\"><strong>Violencia Econ\u00f3mica<\/strong><\/span><\/p>\n<ul style=\"text-align: justify;\">\n<li>Te controla econ\u00f3micamente, impidiendo el acceso al dinero, prohibiendo que te incorpores a la actividad laboral, oblig\u00e1ndote a que realices la entrega integra de tus ingresos.<\/li>\n<\/ul>\n<p style=\"text-align: justify;\"><strong><span style=\"text-decoration: underline;\">Violencia Social<\/span><\/strong><\/p>\n<ul>\n<li style=\"text-align: justify;\">Te llama, te env\u00eda SMS o se pone permanentemente en contacto contigo cuando no est\u00e1is juntos.<\/li>\n<li style=\"text-align: justify;\">Te pide que le des explicaciones sobre d\u00f3nde vas, con qui\u00e9n vas, qu\u00e9 haces.<\/li>\n<li style=\"text-align: justify;\">Si no le gusta que tengas amigas, no quiere que veas a tu familia y se molesta si est\u00e1s con otras personas a solas.<\/li>\n<li>Si alguna vez te ha despreciado delante de otras personas.<\/li>\n<\/ul>\n<p style=\"text-align: justify;\"><span style=\"text-decoration: underline;\"><strong>Violencia Sexual<\/strong><\/span><\/p>\n<ul style=\"text-align: justify;\">\n<li>Se ejerce mediante presiones f\u00edsicas o ps\u00edquicas que pretenden imponer una relaci\u00f3n sexual no deseada mediante:<\/li>\n<\/ul>\n<p style=\"text-align: justify;\">\u00a0\u00a0\u00a0\u00a0\u00a0\u00a0\u00a0\u00a0\u00a0\u00a0\u00a0\u00a0\u00a0\u00a0\u00a0\u00a0\u00a0\u00a0\u00a0 &#8211; Coacci\u00f3n.<\/p>\n<p style=\"text-align: justify;\">\u00a0\u00a0\u00a0\u00a0\u00a0\u00a0\u00a0\u00a0\u00a0\u00a0\u00a0\u00a0\u00a0\u00a0\u00a0\u00a0\u00a0\u00a0\u00a0 &#8211; Intimidaci\u00f3n.<\/p>\n<p style=\"text-align: justify;\">\u00a0\u00a0\u00a0\u00a0\u00a0\u00a0\u00a0\u00a0\u00a0\u00a0\u00a0\u00a0\u00a0\u00a0\u00a0\u00a0\u00a0\u00a0\u00a0 &#8211; Indefensi\u00f3n.<\/p>\n<p style=\"text-align: justify;\"><strong><span style=\"text-decoration: underline;\">Violencia Psicol\u00f3gica<\/span><\/strong><\/p>\n<ul style=\"text-align: justify;\">\n<li>Si las actitudes que manifiesta hacia ti son:<\/li>\n<\/ul>\n<p style=\"text-align: justify;\">\u00a0\u00a0\u00a0\u00a0\u00a0\u00a0\u00a0\u00a0\u00a0\u00a0\u00a0\u00a0\u00a0\u00a0\u00a0\u00a0\u00a0\u00a0\u00a0 &#8211; Amenazas.<\/p>\n<p style=\"text-align: justify;\">\u00a0\u00a0\u00a0\u00a0\u00a0\u00a0\u00a0\u00a0\u00a0\u00a0\u00a0\u00a0\u00a0\u00a0\u00a0\u00a0\u00a0\u00a0\u00a0 &#8211; Manipulaciones mediante el uso de la indiferencia o el silencio.<\/p>\n<p style=\"text-align: justify;\">\u00a0\u00a0\u00a0\u00a0\u00a0\u00a0\u00a0\u00a0\u00a0\u00a0\u00a0\u00a0\u00a0\u00a0 &#8211; Sufres desprecios constantes, desvalorizando cualquier acci\u00f3n que realices o cualquier opini\u00f3n que efect\u00faes.<\/p>\n<p style=\"text-align: justify;\">\u00a0\u00a0\u00a0\u00a0\u00a0\u00a0\u00a0\u00a0\u00a0\u00a0\u00a0\u00a0\u00a0\u00a0\u00a0\u00a0\u00a0\u00a0\u00a0 &#8211; Opina sobre la ropa que llevas y te pide que te cambies cuando no le gusta.<\/p>\n<p style=\"text-align: justify;\"><strong>\u00bfQu\u00e9 hacer si soy v\u00edctima de Violencia de G\u00e9nero?<\/strong><\/p>\n<p style=\"text-align: justify;\">Si eres v\u00edctima de violencia de g\u00e9nero debes ponerlo en conocimiento inmediatamente de Polic\u00eda Local de A\u00f1over de Tajo o Guardia Civil, estos intervendr\u00e1n de inmediato. Puedes hacerlo a trav\u00e9s del 112 es un tel\u00e9fono gratuito o bien directamente a los tel\u00e9fonos corporativos:<\/p>\n<ul style=\"text-align: justify;\">\n<li>Polic\u00eda Local: 629 932 444<\/li>\n<li>Guardia Civil: 925 50 60 13<\/li>\n<\/ul>\n<p style=\"text-align: justify;\"><em><span style=\"text-decoration: underline;\">Recuerde<\/span><\/em><\/p>\n<p style=\"text-align: justify;\">Puedes solicitar Orden de Protecci\u00f3n directamente ante la Autoridad Judicial, Polic\u00eda Local, Guardia Civil, o bien, ante las oficinas de atenci\u00f3n a la v\u00edctima o los servicios sociales o instituciones asistenciales dependientes de las Administraciones P\u00fablicas.<\/p>\n<p><strong>\u00bfQu\u00e9 es una Orden de Protecci\u00f3n?<\/strong><\/p>\n<p style=\"text-align: justify;\">La Orden de Protecci\u00f3n es una resoluci\u00f3n judicial que consagra el \u201cestatuto de protecci\u00f3n integral\u201d de las v\u00edctimas de violencia dom\u00e9stica, mediante la adopci\u00f3n, por un mismo \u00f3rgano jurisdiccional, de medidas cautelares penales y civiles, activando otras medidas de asistencia social.<\/p>\n<p style=\"text-align: justify;\"><img loading=\"lazy\" class=\"aligncenter wp-image-36 size-medium\" src=\"http:\/\/anoverdetajo.es\/seguridadciudadana\/wp-content\/uploads\/2014\/08\/violencia3-300x212.jpg\" alt=\"\" width=\"300\" height=\"212\" srcset=\"http:\/\/anoverdetajo.es\/seguridadciudadana\/wp-content\/uploads\/2014\/08\/violencia3-300x212.jpg 300w, http:\/\/anoverdetajo.es\/seguridadciudadana\/wp-content\/uploads\/2014\/08\/violencia3-1024x723.jpg 1024w, http:\/\/anoverdetajo.es\/seguridadciudadana\/wp-content\/uploads\/2014\/08\/violencia3-900x636.jpg 900w, http:\/\/anoverdetajo.es\/seguridadciudadana\/wp-content\/uploads\/2014\/08\/violencia3.jpg 1191w\" sizes=\"(max-width: 300px) 100vw, 300px\" \/>En ella se determinar\u00e1n a tu favor una serie de medidas:<\/p>\n<ul>\n<li style=\"text-align: justify;\"><strong>F\u00edsicas:<\/strong> Orden de Alejamiento, la cual impide a tu agresor acercarse y comunicarse contigo por cualquier medio.<\/li>\n<li style=\"text-align: justify;\"><strong>Jur\u00eddicas:<\/strong> Tales como, atribuci\u00f3n inicial de la vivienda unifamiliar, concesi\u00f3n de la custodia de los hijos, estableciendo provisional de un r\u00e9gimen por alimentos.<\/li>\n<li style=\"text-align: justify;\"><strong>Sociales:<\/strong> Se activara el derecho a obtener la Renta Activa de inserci\u00f3n gestionada por el INEM.<\/li>\n<\/ul>\n<p style=\"text-align: justify;\"><strong>\u00bfD\u00f3nde solicitar ayuda?<\/strong><\/p>\n<ul>\n<li style=\"text-align: justify;\"><span style=\"text-decoration: underline;\"><strong>Polic\u00eda<\/strong><strong> Local:<\/strong><\/span> Plaza de Espa\u00f1a, 12 &#8211; Tel\u00e9fono: 629 932 444 o 112.<\/li>\n<li style=\"text-align: justify;\"><span style=\"text-decoration: underline;\"><strong>Guardia Civil:<\/strong><\/span> C\/ Canalejas, 4 &#8211; Tel\u00e9fono: 925 50 60 13 o 112.<\/li>\n<li style=\"text-align: justify;\"><span style=\"text-decoration: underline;\"><strong>Servicios Sociales:<\/strong><\/span> C\/ Coronel Monasterio, 1 &#8211; Tel\u00e9fono: 925 55 52 88 &#8211; Extensi\u00f3n 1.<\/li>\n<li style=\"text-align: justify;\"><strong><span style=\"text-decoration: underline;\"><a href=\"http:\/\/www.violenciagenero.msssi.gob.es\/\" target=\"_blank\">Ministerio de Sanidad, Servicios Sociales e Igualdad<\/a>:<\/span><\/strong> 016.<\/li>\n<li style=\"text-align: justify;\"><strong><span style=\"text-decoration: underline;\">Instituto de la Mujer de Castilla-La Mancha:<\/span><\/strong> 900 100 114.<\/li>\n<\/ul>\n<p><a href=\"http:\/\/www.violenciagenero.msssi.gob.es\/informacionUtil\/recursos\/telefono016\/home.htm\" target=\"_blank\" rel=\"attachment wp-att-358\"><img loading=\"lazy\" class=\"size-full wp-image-358 aligncenter\" src=\"http:\/\/anoverdetajo.es\/seguridadciudadana\/wp-content\/uploads\/2014\/08\/telefono016.jpg\" alt=\"telefono016\" width=\"200\" height=\"129\" \/><\/a><\/p>\n<p><span style=\"text-decoration: underline;\"><strong>CONSEJOS<\/strong><\/span><\/p>\n<ul>\n<li style=\"text-align: justify;\">Si sufres\u00a0 episodios de violencia de G\u00e9nero, pide ayuda a Polic\u00eda Local o Guardia Civil.<\/li>\n<li style=\"text-align: justify;\">Ten siempre preparado a mano toda la documentaci\u00f3n tuya y de tus hijos as\u00ed como los objetos necesarios (libretas bancarias, tarjeta sanitaria, Permiso de Residencia, D.N.I, Pasaporte, tel\u00e9fono m\u00f3vil, llaves, etc&#8230;) para en caso de inicio de un nuevo episodio de violencia, abandonar el domicilio inmediatamente hasta la llegada de las fuerzas y cuerpos de seguridad.<\/li>\n<li style=\"text-align: justify;\">Si est\u00e1s en peligro y no has podido escapar, trata de protegerte en la habitaci\u00f3n m\u00e1s segura y cerca a la salida, evita las habitaciones donde halla objetos peligrosos. En caso de que no puedas poner en conocimiento mediante llamada telef\u00f3nica tu situaci\u00f3n, trata de efectuar el mayor ruido posible con el fin de que los vecinos se alerten y efect\u00faen el aviso a la Polic\u00eda Local o Guardia Civil.<\/li>\n<\/ul>\n<p style=\"text-align: justify;\"><strong>NO OLVIDES, <\/strong>si deseas obtener m\u00e1s informaci\u00f3n sobre Violencia de Genero puedes obtener la de forma inmediata en Jefatura de Polic\u00eda local de A\u00f1over de Tajo, los Agentes que te atender\u00e1n se encuentran especializados en esta problem\u00e1tica, sabr\u00e1n orientarte e indicarte los pasos a seguir en caso de que seas v\u00edctima de esta lacra, de para que te sea m\u00e1s f\u00e1cil solucionar esta situaci\u00f3n y saber d\u00f3nde debes acudir y con qu\u00e9 recursos cuentas, (indic\u00e1ndote qu\u00e9 hacer, d\u00f3nde ir y que derechos te asisten).<\/p>\n<p>&nbsp;<\/p>\n","protected":false},"excerpt":{"rendered":"<p>\u00bfQue entendemos por Violencia Dom\u00e9stica? Por violencia dom\u00e9stica\u00a0debemos entender a \u00abla violencia ejercida en el terreno de la convivencia familiar o asimilada, por parte de uno de los miembros contra otros, contra alguno de los dem\u00e1s o contra todos ellos\u00bb. Comprende todos aquellos actos violentos, desde el empleo de la fuerza f\u00edsica, hasta el hostigamiento,<\/p>\n","protected":false},"author":1,"featured_media":0,"parent":0,"menu_order":0,"comment_status":"closed","ping_status":"closed","template":"","meta":[],"_links":{"self":[{"href":"http:\/\/anoverdetajo.es\/seguridadciudadana\/wp-json\/wp\/v2\/pages\/13"}],"collection":[{"href":"http:\/\/anoverdetajo.es\/seguridadciudadana\/wp-json\/wp\/v2\/pages"}],"about":[{"href":"http:\/\/anoverdetajo.es\/seguridadciudadana\/wp-json\/wp\/v2\/types\/page"}],"author":[{"embeddable":true,"href":"http:\/\/anoverdetajo.es\/seguridadciudadana\/wp-json\/wp\/v2\/users\/1"}],"replies":[{"embeddable":true,"href":"http:\/\/anoverdetajo.es\/seguridadciudadana\/wp-json\/wp\/v2\/comments?post=13"}],"version-history":[{"count":3,"href":"http:\/\/anoverdetajo.es\/seguridadciudadana\/wp-json\/wp\/v2\/pages\/13\/revisions"}],"predecessor-version":[{"id":360,"href":"http:\/\/anoverdetajo.es\/seguridadciudadana\/wp-json\/wp\/v2\/pages\/13\/revisions\/360"}],"wp:attachment":[{"href":"http:\/\/anoverdetajo.es\/seguridadciudadana\/wp-json\/wp\/v2\/media?parent=13"}],"curies":[{"name":"wp","href":"https:\/\/api.w.org\/{rel}","templated":true}]}}