{"id":70,"date":"2013-11-20T09:18:49","date_gmt":"2013-11-20T08:18:49","guid":{"rendered":"http:\/\/anoverdetajo.es\/infancia\/?page_id=70"},"modified":"2013-11-20T10:04:43","modified_gmt":"2013-11-20T09:04:43","slug":"taller-de-aeromodelismo","status":"publish","type":"page","link":"http:\/\/anoverdetajo.es\/infancia\/taller-de-aeromodelismo\/","title":{"rendered":"Taller de Aeromodelismo"},"content":{"rendered":"<p style=\"text-align: justify;\">El aeromodelismo ha crecido a trav\u00e9s de los a\u00f1os, desde un juego principalmente para los ni\u00f1os, que hac\u00edan volar aviones de juguete, fabricados de papel, a una actividad primordialmente adulta, que involucra aviones en miniatura sofisticados, con materiales de la era espacial.<\/p>\n<p style=\"text-align: justify;\">En este taller hemos querido unir los dos lados de la era, donde padres\/madres junto con sus hijos\/as fabrican sus propios aviones, y pasan una tarde juntos divirti\u00e9ndose, a la vez que aprenden ya que es una herramienta muy educativa donde se juntan: ciencia, qu\u00edmica, matem\u00e1ticas y como no manualidades.<\/p>\n<p style=\"text-align: justify;\">El objetivo de este taller es fomentar los momentos en familia y practicar un deporte entretenido.<\/p>\n<p style=\"text-align: justify;\"><strong><em>D\u00eda: S\u00e1bado<\/em><\/strong><\/p>\n<p style=\"text-align: justify;\"><strong><em>Horario: de 18:00 h. a 20:00 h.<\/em><\/strong><\/p>\n<p style=\"text-align: justify;\"><strong><em>Lugar: Ludoteca Municipal<\/em><\/strong><\/p>\n<p style=\"text-align: justify;\"><strong><em>Coste: 4 \u20ac socios \/ 8 \u20ac no socios.<\/em><\/strong><\/p>\n<p style=\"text-align: justify;\"><a class=\"download-link filetype-icon filetype-pdf\"\n   title=\"\" href=\"http:\/\/anoverdetajo.es\/infancia\/download\/94\/\" rel=\"nofollow\">\n\tHoja-de-Inscripcion-Talleres.pdf\t(870 descargas)\n<\/a><\/p>\n<p style=\"text-align: center;\"><a href=\"http:\/\/anoverdetajo.es\/infancia\/wp-content\/uploads\/2013\/11\/foto_taller_aeromodelismo.jpg\"><img loading=\"lazy\" class=\"aligncenter size-medium wp-image-153\" title=\"Click para ampliar\" alt=\"Taller de Aeromodelismo\" src=\"http:\/\/anoverdetajo.es\/infancia\/wp-content\/uploads\/2013\/11\/foto_taller_aeromodelismo-225x300.jpg\" width=\"225\" height=\"300\" srcset=\"http:\/\/anoverdetajo.es\/infancia\/wp-content\/uploads\/2013\/11\/foto_taller_aeromodelismo-225x300.jpg 225w, http:\/\/anoverdetajo.es\/infancia\/wp-content\/uploads\/2013\/11\/foto_taller_aeromodelismo.jpg 612w\" sizes=\"(max-width: 225px) 100vw, 225px\" \/><\/a><\/p>\n","protected":false},"excerpt":{"rendered":"<p>El aeromodelismo ha crecido a trav\u00e9s de los a\u00f1os, desde un juego principalmente para los ni\u00f1os, que hac\u00edan volar aviones de juguete, fabricados de papel, a una actividad primordialmente adulta, que involucra aviones en miniatura sofisticados, con materiales de la era espacial. En este taller hemos querido unir los dos lados de la era, donde<\/p>\n","protected":false},"author":2,"featured_media":0,"parent":0,"menu_order":0,"comment_status":"closed","ping_status":"closed","template":"","meta":[],"_links":{"self":[{"href":"http:\/\/anoverdetajo.es\/infancia\/wp-json\/wp\/v2\/pages\/70"}],"collection":[{"href":"http:\/\/anoverdetajo.es\/infancia\/wp-json\/wp\/v2\/pages"}],"about":[{"href":"http:\/\/anoverdetajo.es\/infancia\/wp-json\/wp\/v2\/types\/page"}],"author":[{"embeddable":true,"href":"http:\/\/anoverdetajo.es\/infancia\/wp-json\/wp\/v2\/users\/2"}],"replies":[{"embeddable":true,"href":"http:\/\/anoverdetajo.es\/infancia\/wp-json\/wp\/v2\/comments?post=70"}],"version-history":[{"count":0,"href":"http:\/\/anoverdetajo.es\/infancia\/wp-json\/wp\/v2\/pages\/70\/revisions"}],"wp:attachment":[{"href":"http:\/\/anoverdetajo.es\/infancia\/wp-json\/wp\/v2\/media?parent=70"}],"curies":[{"name":"wp","href":"https:\/\/api.w.org\/{rel}","templated":true}]}}