{"id":68,"date":"2013-11-20T09:15:54","date_gmt":"2013-11-20T08:15:54","guid":{"rendered":"http:\/\/anoverdetajo.es\/infancia\/?page_id=68"},"modified":"2013-11-20T09:52:22","modified_gmt":"2013-11-20T08:52:22","slug":"taller-de-baile","status":"publish","type":"page","link":"http:\/\/anoverdetajo.es\/infancia\/taller-de-baile\/","title":{"rendered":"Taller de Baile"},"content":{"rendered":"<p style=\"text-align: justify;\">A los ni\u00f1os\/as desde muy peque\u00f1os les encanta bailar, enseguida su cuerpo empieza a moverse al escuchar m\u00fasica, es un taller que debemos fomentar porque es una actividad muy beneficiosa tanto f\u00edsica como psicol\u00f3gica.<\/p>\n<p style=\"text-align: justify;\">Como tantas otras cosas en la etapa de desarrollo, el baile tambi\u00e9n es aprendizaje, que favorece el ejercicio cardiovascular, favorece la coordinaci\u00f3n, la memoria y la concentraci\u00f3n. Y desde el punto de vista social, les ayuda a desinibirse, a haber nuevos amigos y a una mayor sociabilizaci\u00f3n.<\/p>\n<p style=\"text-align: justify;\">Es una actividad placentera con ventajas f\u00edsicas y emocionales que deber\u00edamos practicar todos mas a menudo.<\/p>\n<p style=\"text-align: justify;\"><strong><em>D\u00eda: Viernes<\/em><\/strong><\/p>\n<p style=\"text-align: justify;\"><strong><em>Horario: de 16:00 h. a 17:00 h.<\/em><\/strong><\/p>\n<p style=\"text-align: justify;\"><strong><em>Lugar: Gimnasio Municipal<\/em><\/strong><\/p>\n<p style=\"text-align: justify;\"><strong><em>Coste: 4 \u20ac socios \/ 8 \u20ac no socios.<\/em><\/strong><\/p>\n<p style=\"text-align: justify;\"><a class=\"download-link filetype-icon filetype-pdf\"\n   title=\"\" href=\"http:\/\/anoverdetajo.es\/infancia\/download\/94\/\" rel=\"nofollow\">\n\tHoja-de-Inscripcion-Talleres.pdf\t(870 descargas)\n<\/a><\/p>\n<p style=\"text-align: justify;\">\n<p style=\"text-align: center;\"><a href=\"http:\/\/anoverdetajo.es\/infancia\/wp-content\/uploads\/2013\/11\/foto_taller_baile.jpg\"><img loading=\"lazy\" class=\"aligncenter size-medium wp-image-149\" title=\"Click para ampliar\" alt=\"Taller de Baile\" src=\"http:\/\/anoverdetajo.es\/infancia\/wp-content\/uploads\/2013\/11\/foto_taller_baile-300x225.jpg\" width=\"300\" height=\"225\" srcset=\"http:\/\/anoverdetajo.es\/infancia\/wp-content\/uploads\/2013\/11\/foto_taller_baile-300x225.jpg 300w, http:\/\/anoverdetajo.es\/infancia\/wp-content\/uploads\/2013\/11\/foto_taller_baile.jpg 960w\" sizes=\"(max-width: 300px) 100vw, 300px\" \/><\/a><\/p>\n","protected":false},"excerpt":{"rendered":"<p>A los ni\u00f1os\/as desde muy peque\u00f1os les encanta bailar, enseguida su cuerpo empieza a moverse al escuchar m\u00fasica, es un taller que debemos fomentar porque es una actividad muy beneficiosa tanto f\u00edsica como psicol\u00f3gica. Como tantas otras cosas en la etapa de desarrollo, el baile tambi\u00e9n es aprendizaje, que favorece el ejercicio cardiovascular, favorece la<\/p>\n","protected":false},"author":2,"featured_media":0,"parent":0,"menu_order":0,"comment_status":"closed","ping_status":"closed","template":"","meta":[],"_links":{"self":[{"href":"http:\/\/anoverdetajo.es\/infancia\/wp-json\/wp\/v2\/pages\/68"}],"collection":[{"href":"http:\/\/anoverdetajo.es\/infancia\/wp-json\/wp\/v2\/pages"}],"about":[{"href":"http:\/\/anoverdetajo.es\/infancia\/wp-json\/wp\/v2\/types\/page"}],"author":[{"embeddable":true,"href":"http:\/\/anoverdetajo.es\/infancia\/wp-json\/wp\/v2\/users\/2"}],"replies":[{"embeddable":true,"href":"http:\/\/anoverdetajo.es\/infancia\/wp-json\/wp\/v2\/comments?post=68"}],"version-history":[{"count":0,"href":"http:\/\/anoverdetajo.es\/infancia\/wp-json\/wp\/v2\/pages\/68\/revisions"}],"wp:attachment":[{"href":"http:\/\/anoverdetajo.es\/infancia\/wp-json\/wp\/v2\/media?parent=68"}],"curies":[{"name":"wp","href":"https:\/\/api.w.org\/{rel}","templated":true}]}}

<p style="text-align: justify;">A los niños/as desde muy pequeños les encanta bailar, enseguida su cuerpo empieza a moverse al escuchar música, es un taller que debemos fomentar porque es una actividad muy beneficiosa tanto física como psicológica.</p>
<p style="text-align: justify;">Como tantas otras cosas en la etapa de desarrollo, el baile también es aprendizaje, que favorece el ejercicio cardiovascular, favorece la coordinación, la memoria y la concentración. Y desde el punto de vista social, les ayuda a desinibirse, a haber nuevos amigos y a una mayor sociabilización.</p>
<p style="text-align: justify;">Es una actividad placentera con ventajas físicas y emocionales que deberíamos practicar todos mas a menudo.</p>
<p style="text-align: justify;"><strong><em>Día: Viernes</em></strong></p>
<p style="text-align: justify;"><strong><em>Horario: de 16:00 h. a 17:00 h.</em></strong></p>
<p style="text-align: justify;"><strong><em>Lugar: Gimnasio Municipal</em></strong></p>
<p style="text-align: justify;"><strong><em>Coste: 4 € socios / 8 € no socios.</em></strong></p>
<p style="text-align: justify;"><a class="download-link filetype-icon filetype-pdf"
   title="" href="http://anoverdetajo.es/infancia/download/94/" rel="nofollow">
	Hoja-de-Inscripcion-Talleres.pdf	(870 descargas)
</a></p>
<p style="text-align: justify;">
<p style="text-align: center;"><a href="http://anoverdetajo.es/infancia/wp-content/uploads/2013/11/foto_taller_baile.jpg"><img loading="lazy" class="aligncenter size-medium wp-image-149" title="Click para ampliar" alt="Taller de Baile" src="http://anoverdetajo.es/infancia/wp-content/uploads/2013/11/foto_taller_baile-300x225.jpg" width="300" height="225" srcset="http://anoverdetajo.es/infancia/wp-content/uploads/2013/11/foto_taller_baile-300x225.jpg 300w, http://anoverdetajo.es/infancia/wp-content/uploads/2013/11/foto_taller_baile.jpg 960w" sizes="(max-width: 300px) 100vw, 300px" /></a></p>

<p>A los niños/as desde muy pequeños les encanta bailar, enseguida su cuerpo empieza a moverse al escuchar música, es un taller que debemos fomentar porque es una actividad muy beneficiosa tanto física como psicológica. Como tantas otras cosas en la etapa de desarrollo, el baile también es aprendizaje, que favorece el ejercicio cardiovascular, favorece la</p>
